Calculate h(v).
-7
Let i(p) = -3*p**2 + 3*p. Let d be i(2). Let n(j) = -j**2 - 10*j - 9. Determine n(d).
15
Let g(l) be the third derivative of 0*l**4 - 1/30*l**5 + 0*l - 1/3*l**3 + 1/60*l**6 + 0 - l**2. Suppose -12*i + 7*i = j - 7, -2*j - i = -5. Calculate g(j).
6
Let y(h) = -9*h + 7*h + h - 6. What is y(-5)?
-1
Let j(w) be the first derivative of -w**5/20 - 5*w**4/12 + 4*w**3/3 + w**2 + w - 2. Let l(h) be the first derivative of j(h). What is l(-6)?
-10
Suppose 4*o - 21 = 5*s + 11, o + 4*s = -13. Let u(p) = -p**2 + 2*p + 2. Give u(o).
-1
Suppose -d + 3*l = 7*l - 13, 2*d - 8 = -2*l. Let g(o) = -o + 1. Let j(v) = -v**2 + 2*v - 1. Let u(p) = 2*g(p) + j(p). Give u(d).
0
Let a(m) = -10*m**3 + m**2 - 1. Suppose 2*d - 29 = -7. Let i = 10 - d. Calculate a(i).
10
Let g be (-2 + -2 - -2) + 8. Suppose 2*c = j - 9, -2*j + 0*j = 2*c - g. Let v(y) = -2*y + 4. Let m(h) = 1. Let u(a) = 2*m(a) - v(a). Determine u(j).
8
Let c(t) = 1 - 6*t + 0*t**2 + t**2 - 2*t**2. Let s(u) = 2*u - 8. Let v be s(6). Suppose -v*f - 16 = f - 3*a, -4*f = 3*a + 29. Determine c(f).
6
Suppose -m = 5 + 3. Let s = m - -5. Let v(x) = -3*x**2 + 2*x + 4. Let w(u) = -7*u**2 + 3*u + 9. Let z(q) = 9*v(q) - 4*w(q). Determine z(s).
-9
Let u(h) = 10*h - 3. Let j(s) = s**3 - 13*s**2 + 14*s - 21. Let i be j(12). Give u(i).
27
Let i(t) = -t**2 + 7*t - 2. Let j be (-13)/(-2) - ((-35)/(-14) - 1). What is i(j)?
8
Suppose 8 = 2*c - 4*n, 0*n + 4*n + 8 = -2*c. Let t(i) = -i**3 - i + 6. Calculate t(c).
6
Suppose h - 2*h = -v + 2, v = -h - 2. Suppose 0*o = -o + 7. Let m(x) = 4*x + 4. Let d(k) = 9*k + 9. Let a(y) = o*m(y) - 3*d(y). What is a(h)?
-1
Let y(g) = g - 2*g**2 - 2*g**3 + 15 - 15. Determine y(-2).
6
Let f(a) = -2*a**3 - 9*a**2 - 9*a + 1. Let z = 26 + -19. Let c(v) = 4*v**2 + v - v**3 - 5*v - 8*v**2. Let h(b) = z*c(b) - 3*f(b). Calculate h(0).
-3
Let c(s) = -s + 693*s**2 - 699*s**2 + 8 - 2 + s**3. Determine c(6).
0
Let q(v) = -11*v**3 - v**2 - 4*v + 1. Let c(o) = 10*o**3 + o**2 + 3*o - 1. Let l(u) = -3*c(u) - 2*q(u). Determine l(1).
-9
Let y(z) = -z**3 - 5*z**2 + 7*z + 5. Let t be y(-6). Let k(n) be the first derivative of -7*n**4/4 - n**3/3 - 7. Determine k(t).
6
Let i(q) = 6*q**2 - 6*q + q**3 + 12*q - 4*q + 10 - 8*q. Suppose -n + 16 = -2*l - 0*n, 2*n + 31 = -5*l. Calculate i(l).
3
Let s(m) = -3*m - 3*m + m + 4*m. Suppose -1 = 4*v + 15. Calculate s(v).
4
Let q(l) = -l**2 - 6*l + 8. Let h(f) = -f**2 - 6*f + 7. Let t(w) = -4*h(w) + 3*q(w). Give t(-7).
3
Let z(a) = -4*a - 2. Let n(m) = m. Let k(c) = -3*n(c) - z(c). Let f(o) = o**2 + 3*o - 5. Let v be f(2). Give k(v).
7
Let u = -5 - -4. Let l be 1/(u + 10/8). Let n(b) = 0*b - l*b - b**2 + 2*b. Give n(-3).
-3
Suppose 4*j + 4*l - 7 = 13, -12 = -2*j - l. Let m(w) = -w + 7. Let q be m(j). Let y(k) = 2 + 1 - 2*k + q*k. What is y(3)?
-3
Let m(i) = i**2 - 11*i + 7. Suppose -44 = -88*l + 84*l. Calculate m(l).
7
Let l(w) be the second derivative of -w**3/6 - w. Suppose 3*i + 7 = -2. Let n = -4 - i. Give l(n).
1
Let x(c) = -2*c. Let u = 156 + -158. Calculate x(u).
4
Let a(p) = -p**3 - p. Let b(i) be the third derivative of 7*i**6/120 + i**5/60 + i**4/4 - 5*i**3/6 - 3*i**2. Let n(v) = 6*a(v) + b(v). Give n(0).
-5
Let p(h) be the first derivative of -h**7/840 - 5*h**4/24 + 4*h**3/3 - 2. Let y(u) be the third derivative of p(u). What is y(0)?
-5
Let b(q) be the third derivative of q**5/60 + q**4/24 - q**3/3 - 2*q**2. Determine b(2).
4
Let q be 4*3/6*1. Suppose 2 = -5*x + 12. Let o(i) = 4*i - 3*i - x*i. Determine o(q).
-2
Let i(o) be the third derivative of -1/60*o**5 - 1/120*o**6 + 0 + 0*o - 11*o**2 + 1/3*o**3 + 0*o**4. Give i(-2).
6
Let h(j) = 2*j**3 - 3*j - 4*j**2 + 2*j**2 - 2 - j**3 + 3*j**2. Give h(-2).
0
Let u(g) be the third derivative of -7/6*g**3 + 0*g + 0 + 1/24*g**4 + 2*g**2. Calculate u(6).
-1
Let t(b) = -b**2 - 7*b - 9. Suppose 2*i = 4 - 16. Give t(i).
-3
Let y = 7 - 7. Let w(l) = l + l - l + l + y. Give w(-1).
-2
Let t(i) = i**2 + i - 3. Suppose 3*h - 4*c + 18 + 5 = 0, 0 = h + 2*c + 1. Let v(s) = 2*s + 7. Let k be v(h). Calculate t(k).
3
Suppose -3*p = -0*p - 6. Let w be 2*p/(6/9). Let y be w/33 + (-35)/11. Let o(t) = -t**2 - t + 1. What is o(y)?
-5
Let a(z) = -1 + 0*z - 9*z + 11*z. What is a(4)?
7
Let o(x) be the third derivative of -x**5/60 - x**4/3 - x**3/2 - 50*x**2. Determine o(-8).
-3
Let a(r) = r**3 + 5*r**2 + 2*r - 3. Let i be a(-4). Let n(m) = m**3 - 5*m**2 - 2. Calculate n(i).
-2
Let o = -24 - -27. Let a(v) be the first derivative of 3*v + 3/2*v**2 + 2 - 1/3*v**o. What is a(3)?
3
Let c(a) be the second derivative of 3*a - a**2 + 5/6*a**3 + 0 - 1/12*a**4. Give c(5).
-2
Let p(k) = -k**3 - 7*k**2 - 4*k + 4. Let n(g) be the second derivative of -g**3/6 - 3*g**2/2 - g. Let h be n(3). Determine p(h).
-8
Let n(s) = -3*s**3 - 3*s**2 - 3*s - 3. Suppose 7 = 5*a + 17. Determine n(a).
15
Suppose 4*c - 44 + 40 = 0. Let r(w) = 4*w**2 + w - 1. Calculate r(c).
4
Let h(d) be the first derivative of 0*d**2 + 0*d + 1/4*d**4 + 1/3*d**3 + 6. Calculate h(-2).
-4
Suppose -1 = -2*j - 7. Let c(s) = s + 3. Give c(j).
0
Let z(k) = k. Let i be ((-2)/2)/((3 + -4)/4). Calculate z(i).
4
Let k(o) be the third derivative of o**6/120 - o**5/60 - o**4/12 + 3*o**2. Let d = -4 - -6. Determine k(d).
0
Let q be (5/10)/(1/(-2)). Let n(r) be the third derivative of r**4/24 + r**3/6 - r**2. Give n(q).
0
Let i be (-3)/(-12)*0 - -5. Let o(y) = y**3 - 3*y**2 - 7*y + 5. Determine o(i).
20
Let c(o) be the third derivative of -4*o**2 - 2/15*o**5 + 0*o**3 + 0 + 0*o - 1/24*o**4. Let n be (0 - (1 + 0))/(-1). Give c(n).
-9
Let r(d) = -d**3 - 9*d**2 - 2. Suppose 4*t + t = -40. Let i = t - 1. Let p be r(i). Let n(h) = -3*h**2 - 2*h. Calculate n(p).
-8
Let p(t) = -t**2 + t - 7. Let f(y) be the first derivative of -y**4/4 - 5*y**3/3 - 2. Let i be f(-5). Give p(i).
-7
Suppose -22 = 2*b - x, -3*x + 22 = -2*b + x. Let l(a) = -7*a**2 - 7*a. Let u(n) = 13*n + 2*n**2 + 18*n**2 - 7*n**2. Let r(q) = b*l(q) - 6*u(q). Determine r(0).
0
Let n(h) = 2*h - 17. Let j be n(9). Let g(z) = -2*z**3 - z. Determine g(j).
-3
Suppose 4*d + 5*n = 21, -2*d - 2*d + 5*n = -11. Let b(a) = a**3 - 2*a**2 - 5*a. Determine b(d).
12
Suppose 5*k + 3*m - 13 = 8, -k + 4*m - 5 = 0. Let t(p) = -p**2 + 2*p - 2. Calculate t(k).
-5
Let z(r) be the second derivative of -1/120*r**5 + 0 + 1/360*r**6 + 0*r**2 + 2*r + 1/3*r**3 + 1/4*r**4. Let b(g) be the second derivative of z(g). What is b(0)?
6
Suppose -5*a - 2 = n - 1, -n = 2*a + 1. Let b(d) be the second derivative of 1/12*d**4 - 1/2*d**3 + d + a - 3/2*d**2. Give b(4).
1
Suppose 2*f = 5*f + 18. Let c(z) = -2*z - 6. What is c(f)?
6
Let k(u) = u**3 - 2*u**2 + 2. Let f be k(2). Let x(g) = -g - g**3 + 4*g**2 + 4*g**f - 2*g - 4*g**2. Let i be (12/(-10))/(10/(-25)). Calculate x(i).
0
Suppose -1 = -u - 6. Let i(p) = -p - 6. Determine i(u).
-1
Let h(f) = -f**3 - 5*f**2 + 8*f + 3. Let w be (-1)/(24/140) + 1/(-6). Determine h(w).
-9
Suppose 0 = -s - 4 + 1. Let k(d) = 3*d**2 + d + 2. Let u(i) = -4*i**2 - i - 2. Let x(f) = 5*k(f) + 4*u(f). Determine x(s).
-10
Let k(p) = 5*p - 20. Let z = 2 - 3. Let m(n) = -1. Let f(b) = z*k(b) + 20*m(b). What is f(2)?
-10
Let n(l) = -3*l - 2. Let z(p) = -p**2 + 6*p - 4. Let u be z(6). Let a(k) = 6*k + 4. Let w(r) = u*a(r) - 9*n(r). Give w(-3).
-7
Let b(k) = -2*k - 2*k - 4*k + 6*k - 6. Let h(p) = -1. Let s(a) = b(a) - 3*h(a). Calculate s(-5).
7
Let b = -149 - -144. Let l(u) = u + 8. Calculate l(b).
3
Let i be (4/(-5))/2*-25. Let s = -8 + i. Let y(o) = o**3 - 3*o**2 - 3*o + 1. Determine y(s).
-9
Let a(j) = -10*j**3 + 4*j**2 - 3*j + 10. Let k be 2 + 6/(-1) - -2. Let x(o) = -3*o**3 + o**2 - o + 3. Let b(q) = k*a(q) + 7*x(q). Give b(1).
-2
Let v be 20/8*(-4)/(-5). Let i(l) be the second derivative of 1/6*l**4 - 3/2*l**2 - 1/20*l**5 + 0 + 3*l + 1/3*l**3. Give i(v).
1
Let g(q) be the first derivative of -q**3/3 + 3*q**2/2 + 6*q - 12. Calculate g(6).
-12
Let d(b) = -b**3 + 5*b**2 + 5*b + 4. Let s be d(6). Let c = s + -3. Let w(n) = -2*n - 5. What is w(c)?
5
Let x(c) = -c**3 + 3*c**2 + 2*c + 5. Let u be x(4). Let i be ((8 - 2)*3)/2. Let w(q) = -2*q - 2. Let r(v) = 4*v + 4. Let h(k) = i*w(k) + 4*r(k). Give h(u).
4
Let z(x) = -4 - 12*x + 11*x + 0 - 12. What is z(0)?
-16
Let l be 2/(((-6)/(-3))/(-2)). Let d(b) be the first derivative of -b**3 - b**2/2 - 2*b + 55. Give d(l